{"id":39,"date":"2022-10-03T22:22:02","date_gmt":"2022-10-03T22:22:02","guid":{"rendered":"https:\/\/production.funambulesmedias.org\/?page_id=39"},"modified":"2024-05-02T15:41:38","modified_gmt":"2024-05-02T15:41:38","slug":"services","status":"publish","type":"page","link":"https:\/\/staging.funambules.wpdev0.koumbit.net\/production\/services\/","title":{"rendered":"Services"},"content":{"rendered":"\n<h2 class=\"wp-block-heading has-text-align-center\"><strong>PR\u00c9-PRODUCTION<\/strong><\/h2>\n\n\n\n<div style=\"height:22px\" aria-hidden=\"true\" class=\"wp-block-spacer\"><\/div>\n\n\n\n<p>D\u00e8s la pr\u00e9-pro\u00adduc\u00adtion, notre \u00e9quipe s\u2019entretient avec vous afin de con\u00adna\u00eetre et com\u00adpren\u00addre<strong> vos besoins et vos objec\u00adtifs<\/strong>. C\u2019est en col\u00adlab\u00ado\u00adra\u00adtion avec vous que nous \u00e9tab\u00adlis\u00adsons un plan de tra\u00advail adap\u00adt\u00e9 aux enjeux de votre organ\u00adisme. \u00c0 par\u00adtir de ce moment, nous prenons en charge<strong> la logis\u00adtique, la ges\u00adtion op\u00e9ra\u00adtionnelle <\/strong>et<strong> l\u2019ensemble des aspects tech\u00adniques <\/strong>de la pro\u00adduc\u00adtion<strong>.<\/strong><\/p>\n\n\n<style>.wp-block-kadence-spacer.kt-block-spacer-39_855d0c-e9 .kt-block-spacer{height:20px;}.wp-block-kadence-spacer.kt-block-spacer-39_855d0c-e9 .kt-divider{border-top-width:1px;height:1px;border-top-color:#eee;width:80%;border-top-style:solid;}<\/style>\n<div class=\"wp-block-kadence-spacer aligncenter kt-block-spacer-39_855d0c-e9\"><div class=\"kt-block-spacer kt-block-spacer-halign-center\"><hr class=\"kt-divider\"><\/div><\/div>\n\n\n\n<div style=\"height:58px\" aria-hidden=\"true\" class=\"wp-block-spacer\"><\/div>\n\n\n\n<h2 class=\"wp-block-heading has-text-align-center\"><strong>PRODUCTION<\/strong><\/h2>\n\n\n\n<div style=\"height:22px\" aria-hidden=\"true\" class=\"wp-block-spacer\"><\/div>\n\n\n\n<p>Notre \u00e9quipe de professionnel\u00b7le\u00b7s se d\u00e9place et prend en charge tous les aspects tech\u00adniques du tour\u00adnage, tout en demeu\u00adrant \u00e0 l\u2019\u00e9coute des besoins et id\u00e9es du client. Nous pri\u00ador\u00adisons un <strong>tra\u00advail col\u00adlab\u00ado\u00adratif<\/strong> et de<strong> prox\u00adim\u00adit\u00e9<\/strong> dans l\u2019\u00e9coute et le respect.<\/p>\n\n\n<style>.wp-block-kadence-spacer.kt-block-spacer-39_006712-a5 .kt-block-spacer{height:20px;}.wp-block-kadence-spacer.kt-block-spacer-39_006712-a5 .kt-divider{border-top-width:1px;height:1px;border-top-color:#eee;width:80%;border-top-style:solid;}<\/style>\n<div class=\"wp-block-kadence-spacer aligncenter kt-block-spacer-39_006712-a5\"><div class=\"kt-block-spacer kt-block-spacer-halign-center\"><hr class=\"kt-divider\"><\/div><\/div>\n\n\n\n<div style=\"height:60px\" aria-hidden=\"true\" class=\"wp-block-spacer\"><\/div>\n\n\n\n<h2 class=\"wp-block-heading has-text-align-center\"><strong>POST-PRODUCTION<\/strong><\/h2>\n\n\n\n<div style=\"height:22px\" aria-hidden=\"true\" class=\"wp-block-spacer\"><\/div>\n\n\n\n<p>Suite au tour\u00adnage, nous prenons en charge le <strong>mon\u00adtage vid\u00e9o, le mon\u00adtage sonore et l\u2019infographie<\/strong> (motion design). Selon les \u00e9ch\u00e9anciers con\u00advenus avec le client, nous livrons les fichiers fin\u00adaux cl\u00e9s en&nbsp;main.<\/p>\n\n\n\n<div style=\"height:100px\" aria-hidden=\"true\" class=\"wp-block-spacer\"><\/div>\n\n\n\n<div class=\"wp-block-group alignfull titre-droite has-palette-2-background-color has-background\"><div class=\"wp-block-group__inner-container is-layout-flow wp-block-group-is-layout-flow\">\n<h2 class=\"wp-block-heading is-style-default has-palette-3-color has-text-color\">                          Services<\/h2>\n\n\n\n<p><\/p>\n\n\n\n<p><\/p>\n\n\n\n<p class=\"has-palette-3-color has-text-color has-normal-font-size\">Funam\u00adbules pro\u00adduit des vid\u00e9os pour l\u2019\u00e9conomie sociale et sol\u00adidaire. Vous \u00eates un organ\u00adisme \u0153uvrant pour la com\u00admu\u00adnaut\u00e9 et le change\u00adment social ? Ce ser\u00advice est fait pour vous ! Notre \u00e9quipe engag\u00e9e et exp\u00e9ri\u00admen\u00adt\u00e9e est en mesure de pro\u00adduire des vid\u00e9os de A \u00e0 Z allant de l\u2019\u00e9criture, au mon\u00adtage, en pas\u00adsant par le tour\u00adnage et le motion design. Sen\u00adsi\u00adbles aux r\u00e9al\u00adit\u00e9s \u00e9conomiques de nos client\u00b7e\u00b7s, nous nous adap\u00adtons en con\u00ads\u00e9quence pour per\u00adme\u00adt\u00adtre \u00e0 toute entre\u00adprise engag\u00e9e, quelle que soit sa taille, de b\u00e9n\u00e9\u00adfici\u00ader de nos services.<\/p>\n\n\n\n<p><\/p>\n\n\n\n<p><\/p>\n\n\n\n<p><\/p>\n\n\n\n<p><\/p>\n<\/div><\/div>\n\n\n\n<hr class=\"wp-block-separator has-alpha-channel-opacity\">\n\n\n\n<div class=\"wp-block-group call-to-action\"><div class=\"wp-block-group__inner-container is-layout-flow wp-block-group-is-layout-flow\">\n<h2 class=\"wp-block-heading has-text-align-center\">VOUS SOUHAITEZ TRAVAILLER AVEC&nbsp;NOUS&nbsp;?<\/h2>\n\n\n\n<div class=\"wp-block-buttons is-content-justification-center is-layout-flex wp-container-core-buttons-is-layout-16018d1d wp-block-buttons-is-layout-flex\">\n<div class=\"wp-block-button funambules-button\"><a class=\"wp-block-button__link has-palette-3-background-color has-background wp-element-button\" href=\"mailto:avanasse@staging.funambules.wpdev0.koumbit.net\" style=\"padding-top:15px;padding-right:30px;padding-bottom:15px;padding-left:30px\" target=\"_blank\" rel=\"noreferrer noopener\">\u00c9CRIVEZ-NOUS<\/a><\/div>\n<\/div>\n<\/div><\/div>\n","protected":false},"excerpt":{"rendered":"<div class=\"entry-summary\">\nPR\u00c9-PRODUCTION D\u00e8s la pr\u00e9-pro\u00ad\u00adduc\u00ad\u00adtion, notre \u00e9quipe s\u2019entretient avec vous afin de con\u00adna\u00eetre et com\u00adpren\u00addre vos besoins et vos objec\u00adtifs. C\u2019est en col\u00adlab\u00ado\u00adra\u00adtion avec vous que nous \u00e9tab\u00adlis\u00adsons un plan de tra\u00advail adapt\u00e9\u2026&nbsp;<\/div>\n<div class=\"link-more-container\"><a href=\"https:\/\/staging.funambules.wpdev0.koumbit.net\/production\/services\/\" class=\"link-more\" aria-label=\"Continuer \u00e0 lire Services\">Con\u00adtin\u00aduer la lecture\u2026<\/a><\/div>\n","protected":false},"author":2,"featured_media":0,"parent":0,"menu_order":0,"comment_status":"closed","ping_status":"closed","template":"templates\/no-intro-header-overlaid-light.php","meta":{"inline_featured_image":false,"wp_typography_post_enhancements_disabled":false,"footnotes":""},"class_list":["post-39","page","type-page","status-publish","hentry","entry","entry-type-page"],"acf":[],"yoast_head":"<!-- This site is optimized with the Yoast SEO plugin v20.8 - https:\/\/yoast.com\/wordpress\/plugins\/seo\/ -->\n<title>Services - Funambules M\u00e9dias - Production<\/title>\n<meta name=\"robots\" content=\"index, follow, max-snippet:-1, max-image-preview:large, max-video-preview:-1\" \/>\n<link rel=\"canonical\" href=\"https:\/\/staging.funambules.wpdev0.koumbit.net\/production\/services\/\" \/>\n<meta property=\"og:locale\" content=\"fr_CA\" \/>\n<meta property=\"og:type\" content=\"article\" \/>\n<meta property=\"og:title\" content=\"Services - Funambules M\u00e9dias - Production\" \/>\n<meta property=\"og:description\" content=\"PR\u00c9-PRODUCTION D\u00e8s la pr\u00e9-pro\u00adduc\u00adtion, notre \u00e9quipe s\u2019entretient avec vous afin de con\u00adna\u00eetre et com\u00adpren\u00addre vos besoins et vos objec\u00adtifs. C\u2019est en col\u00adlab\u00ado\u00adra\u00adtion avec vous que nous \u00e9tab\u00adlis\u00adsons un plan de tra\u00advail adap\u00adt\u00e9&hellip; Continuer la lecture&hellip;\" \/>\n<meta property=\"og:url\" content=\"https:\/\/staging.funambules.wpdev0.koumbit.net\/production\/services\/\" \/>\n<meta property=\"og:site_name\" content=\"Funambules M\u00e9dias - Production\" \/>\n<meta property=\"article:modified_time\" content=\"2024-05-02T15:41:38+00:00\" \/>\n<meta name=\"twitter:card\" content=\"summary_large_image\" \/>\n<meta name=\"twitter:label1\" content=\"Estimation du temps de lecture\" \/>\n\t<meta name=\"twitter:data1\" content=\"2 minutes\" \/>\n<script type=\"application\/ld+json\" class=\"yoast-schema-graph\">{\"@context\":\"https:\/\/schema.org\",\"@graph\":[{\"@type\":\"WebPage\",\"@id\":\"https:\/\/staging.funambules.wpdev0.koumbit.net\/production\/services\/\",\"url\":\"https:\/\/staging.funambules.wpdev0.koumbit.net\/production\/services\/\",\"name\":\"Services - Funambules M\u00e9dias - Production\",\"isPartOf\":{\"@id\":\"https:\/\/staging.funambules.wpdev0.koumbit.net\/production\/#website\"},\"datePublished\":\"2022-10-03T22:22:02+00:00\",\"dateModified\":\"2024-05-02T15:41:38+00:00\",\"breadcrumb\":{\"@id\":\"https:\/\/staging.funambules.wpdev0.koumbit.net\/production\/services\/#breadcrumb\"},\"inLanguage\":\"fr-CA\",\"potentialAction\":[{\"@type\":\"ReadAction\",\"target\":[\"https:\/\/staging.funambules.wpdev0.koumbit.net\/production\/services\/\"]}]},{\"@type\":\"BreadcrumbList\",\"@id\":\"https:\/\/staging.funambules.wpdev0.koumbit.net\/production\/services\/#breadcrumb\",\"itemListElement\":[{\"@type\":\"ListItem\",\"position\":1,\"name\":\"Accueil\",\"item\":\"https:\/\/production.staging.funambules.wpdev0.koumbit.net\/\"},{\"@type\":\"ListItem\",\"position\":2,\"name\":\"Services\"}]},{\"@type\":\"WebSite\",\"@id\":\"https:\/\/staging.funambules.wpdev0.koumbit.net\/production\/#website\",\"url\":\"https:\/\/staging.funambules.wpdev0.koumbit.net\/production\/\",\"name\":\"Funambules M\u00e9dias - Production\",\"description\":\"\",\"inLanguage\":\"fr-CA\"}]}<\/script>\n<!-- \/ Yoast SEO plugin. -->","yoast_head_json":{"title":"Services - Funambules M\u00e9dias - Production","robots":{"index":"index","follow":"follow","max-snippet":"max-snippet:-1","max-image-preview":"max-image-preview:large","max-video-preview":"max-video-preview:-1"},"canonical":"https:\/\/staging.funambules.wpdev0.koumbit.net\/production\/services\/","og_locale":"fr_CA","og_type":"article","og_title":"Services - Funambules M\u00e9dias - Production","og_description":"PR\u00c9-PRODUCTION D\u00e8s la pr\u00e9-pro\u00adduc\u00adtion, notre \u00e9quipe s\u2019entretient avec vous afin de con\u00adna\u00eetre et com\u00adpren\u00addre vos besoins et vos objec\u00adtifs. C\u2019est en col\u00adlab\u00ado\u00adra\u00adtion avec vous que nous \u00e9tab\u00adlis\u00adsons un plan de tra\u00advail adap\u00adt\u00e9&hellip; Continuer la lecture&hellip;","og_url":"https:\/\/staging.funambules.wpdev0.koumbit.net\/production\/services\/","og_site_name":"Funambules M\u00e9dias - Production","article_modified_time":"2024-05-02T15:41:38+00:00","twitter_card":"summary_large_image","twitter_misc":{"Estimation du temps de lecture":"2 minutes"},"schema":{"@context":"https:\/\/schema.org","@graph":[{"@type":"WebPage","@id":"https:\/\/staging.funambules.wpdev0.koumbit.net\/production\/services\/","url":"https:\/\/staging.funambules.wpdev0.koumbit.net\/production\/services\/","name":"Services - Funambules M\u00e9dias - Production","isPartOf":{"@id":"https:\/\/staging.funambules.wpdev0.koumbit.net\/production\/#website"},"datePublished":"2022-10-03T22:22:02+00:00","dateModified":"2024-05-02T15:41:38+00:00","breadcrumb":{"@id":"https:\/\/staging.funambules.wpdev0.koumbit.net\/production\/services\/#breadcrumb"},"inLanguage":"fr-CA","potentialAction":[{"@type":"ReadAction","target":["https:\/\/staging.funambules.wpdev0.koumbit.net\/production\/services\/"]}]},{"@type":"BreadcrumbList","@id":"https:\/\/staging.funambules.wpdev0.koumbit.net\/production\/services\/#breadcrumb","itemListElement":[{"@type":"ListItem","position":1,"name":"Accueil","item":"https:\/\/production.staging.funambules.wpdev0.koumbit.net\/"},{"@type":"ListItem","position":2,"name":"Services"}]},{"@type":"WebSite","@id":"https:\/\/staging.funambules.wpdev0.koumbit.net\/production\/#website","url":"https:\/\/staging.funambules.wpdev0.koumbit.net\/production\/","name":"Funambules M\u00e9dias - Production","description":"","inLanguage":"fr-CA"}]}},"_links":{"self":[{"href":"https:\/\/staging.funambules.wpdev0.koumbit.net\/production\/wp-json\/wp\/v2\/pages\/39","targetHints":{"allow":["GET"]}}],"collection":[{"href":"https:\/\/staging.funambules.wpdev0.koumbit.net\/production\/wp-json\/wp\/v2\/pages"}],"about":[{"href":"https:\/\/staging.funambules.wpdev0.koumbit.net\/production\/wp-json\/wp\/v2\/types\/page"}],"author":[{"embeddable":true,"href":"https:\/\/staging.funambules.wpdev0.koumbit.net\/production\/wp-json\/wp\/v2\/users\/2"}],"replies":[{"embeddable":true,"href":"https:\/\/staging.funambules.wpdev0.koumbit.net\/production\/wp-json\/wp\/v2\/comments?post=39"}],"version-history":[{"count":44,"href":"https:\/\/staging.funambules.wpdev0.koumbit.net\/production\/wp-json\/wp\/v2\/pages\/39\/revisions"}],"predecessor-version":[{"id":1270,"href":"https:\/\/staging.funambules.wpdev0.koumbit.net\/production\/wp-json\/wp\/v2\/pages\/39\/revisions\/1270"}],"wp:attachment":[{"href":"https:\/\/staging.funambules.wpdev0.koumbit.net\/production\/wp-json\/wp\/v2\/media?parent=39"}],"curies":[{"name":"wp","href":"https:\/\/api.w.org\/{rel}","templated":true}]}}